 -y. Let c be ((-65)/(-2 - q))/1. Suppose w - n - 8 = 1, n - 17 = -w. Calculate the highest common divisor of c and w.
13
Suppose 2*m - 232 = -138. Suppose 182 = -m*l + 54*l. Calculate the greatest common divisor of l and 104.
26
Let o = 63 + -56. Suppose -10*h + 60 = -o*h. Suppose z + 274 = 3*k - 57, 4*k - 3*z - 443 = 0. What is the highest common factor of h and k?
10
Let y be ((-3)/(-2) - -1)*96/40. Let c be (y/(-12))/(0 + 1/(-54)). Suppose 0 = -m - m + 54. What is the highest common divisor of m and c?
27
Suppose 0 = -3*j + j + 96. Let g = j - 32. Let h be 482/g - (-8)/(-64). Calculate the highest common divisor of h and 210.
30
Suppose -2*j + 18 = 4*u, 0 = 1659*u - 1654*u - 5*j. What is the highest common divisor of 347 and u?
1
Suppose 48*a - 2*m = 43*a + 178, -a + 68 = 5*m. What is the greatest common factor of a and 22401?
19
Let h = -73 - -84. Suppose -7*m = h*m - 540. Calculate the highest common divisor of 195 and m.
15
Suppose -4 - 36 = 8*l. Let b(a) = a**2 + 4*a + 3. Let g be b(l). Calculate the greatest common factor of 4 and g.
4
Let c = -11438 - -12117. What is the highest common factor of 1843 and c?
97
Suppose -4*s = -s. Let a be 886 + (s - -16)/4. Let n = -626 + a. What is the greatest common factor of n and 24?
24
Suppose 5*f = 2*i + 3667, -4*f = -21*i + 17*i - 2924. Calculate the greatest common factor of 15 and f.
15
Let a = -115 + 255. What is the highest common divisor of a and 756?
28
Let v = -69961 + 122403. What is the highest common factor of v and 26?
26
Suppose -15*u = -4*u - 621 + 225. What is the greatest common factor of 2322 and u?
18
Let p be (((-10)/4)/5)/((-14)/112). Let c be p - (48/12 + -2 + 1). Calculate the highest common divisor of 23 and c.
1
Suppose -5*c = -3*k + 7683, -68*k = -72*k - 2*c + 10244. Calculate the greatest common divisor of 52 and k.
13
Let k(m) = 8*m + 168. Let z be k(-21). Suppose 27*j + 0*j - 540 = z. Calculate the highest common divisor of j and 160.
20
Suppose 8*d - 4148 = -3604. What is the highest common divisor of 170 and d?
34
Let y be -1*(1 + -2) - -55. Let n(j) be the first derivative of -2*j**3/3 + 6*j**2 - 2*j - 20. Let t be n(5). Calculate the greatest common factor of y and t.
8
Let x = 1453 - 1452. Suppose 4*y = 1032 + 320. Let l be y/12 - x/6. Calculate the highest common factor of 252 and l.
28
Let i(w) = -2*w**2 + 69*w + 40. Let n be i(32). Calculate the greatest common divisor of 3 and n.
1
Suppose 0 = 4*j - 2*b - 48, 7*j + 0 = 2*b + 78. What is the highest common factor of j and 1575?
5
Let v(j) = -7*j**3 + 3*j**2 - 47*j - 102. Let o be v(-2). Let f be 18/(-3)*(-30)/4. What is the highest common divisor of o and f?
15
Suppose 6*t = -d + t + 274, 3*t = -3*d + 798. What is the greatest common factor of 1188 and d?
132
Let f be -2 + 175/42 + -3 + 8585/6. Calculate the greatest common factor of f and 520.
130
Let a = 84 - 153. Let l = 98 + a. Suppose -2*u + 13 + l = 0. Calculate the greatest common divisor of u and 21.
21
Suppose -4 + 244 = -6*g. Let c be ((-108)/10)/((-3)/15). Let h = g + c. What is the greatest common factor of 14 and h?
14
Let u(k) = -k + 52. Let v be u(37). Suppose 0 = -v*o - 0*o + 7920. Calculate the greatest common divisor of o and 48.
48
Let m = 9439 - 5391. What is the greatest common divisor of 1771 and m?
253
Let q(w) = 39*w - 1229. Let n be q(39). What is the highest common divisor of n and 1606?
146
Let y(i) be the first derivative of -9*i**2/2 + 32*i - 106. Let l be y(-5). What is the highest common factor of 22 and l?
11
Let p = 4 + -1. Suppose 66*r = 48*r + 36. Suppose -r*c = -2*f + 12, 4*c = f + 8*c + 14. Calculate the highest common factor of f and p.
1
Let t(j) = -8*j**2 + 10*j + 18. Let n be t(-2). Let v = 104 + n. What is the greatest common divisor of 168 and v?
14
Suppose 2*k - 5*j = 70, 7*k = 3*k - 3*j + 88. Calculate the highest common factor of k and 14800.
25
Let j = 812 + -1350. Let b = j + 616. Calculate the greatest common factor of 273 and b.
39
Suppose 0 = -z + 7, 5345*r - 5341*r - 5*z = 149. Suppose 2*p - 752 = -4*n, -5*p + 1737 = -n - 99. Calculate the highest common divisor of r and p.
46
Let o = 3451 + -2650. Calculate the greatest common factor of 9 and o.
9
Let q(p) = p**3 - 5*p**2 - 5*p + 5. Let b be q(6). Let o = -89 + 100. What is the highest common factor of o and b?
11
Let z(s) = -9*s + 177. Let q be z(16). Calculate the highest common divisor of q and 3047.
11
Suppose 0 = 2*o + 2*u - 543 + 1951, 3*o - u = -2120. Let s = 806 + o. Calculate the greatest common factor of s and 60.
20
Let h(t) = -10*t + 1. Let d be h(-2). Let o = -139 - -165. Let n be (3 - 1*1/1) + o. Calculate the greatest common divisor of n and d.
7
Let g(s) = 3*s - 10. Let a be g(6). Suppose 2*i = -0*i + 5*j - 20, -j = -i - 4. Let z be i + (-4 + 212)/2. What is the highest common factor of a and z?
8
Suppose -4*u - 5*o + 1111 + 582 = 0, 3*o = -2*u + 849. What is the greatest common divisor of u and 6?
3
Let y(r) = -47*r**3 + r**2 + 7*r + 9. Let o be y(-2). Calculate the highest common divisor of o and 30.
15
Let m be 26 + -1 - 32/(-8). Let s = m + -25. Suppose -5 = q, s*k - 2*q = -7*q + 31. What is the greatest common factor of 21 and k?
7
Let m(c) = c**2 - 43*c - 863. Let o be m(-15). Calculate the greatest common divisor of o and 1477.
7
Let d = -20268 + 20919. What is the greatest common factor of d and 13888?
217
Let k(z) = -z + 6. Let h be k(-8). Let v(x) = 17*x + h*x**2 + x**3 - 11 + 4*x**2 + 27. Let s be v(-17). What is the greatest common divisor of 144 and s?
16
Suppose -4*q - 3*s + 119 = 0, -145 = -3*q - 2*q - 5*s. Let n = -311 - -471. Calculate the highest common divisor of n and q.
32
Suppose 2*z - g = 12, 21 = 4*z + 2*g - 3. Let o(m) = m**3 + 7*m**2 - 2*m - 8. Let x be o(-7). Calculate the highest common divisor of x and z.
6
Let h(i) = i**3 + 120 + 16*i - 20*i**2 - 10 - 8. Let d be h(19). Calculate the highest common factor of d and 120.
15
Suppose -28 = r - 29. Let h = -183 + 311. Calculate the greatest common factor of h and r.
1
Suppose 0 = -x - 2*x + 3. Let h = 2742 - 2654. Calculate the greatest common divisor of h and x.
1
Suppose 6*g = 13 + 53. Let o = 50 + g. Suppose o*t - 680 = 57*t. What is the highest common factor of 10 and t?
10
Suppose -8*d + d = 2387. Let h = d + 346. Calculate the greatest common divisor of 110 and h.
5
Let l = 4185 - 2649. What is the greatest common divisor of l and 3?
3
Let w = -71 - -172. Suppose -w = q - 326. Calculate the highest common divisor of 9 and q.
9
Let g = 372 - 363. Let d(a) = -a**3 - 13*a**2 + a + 6. Let x be d(-12). Let f = x - -267. What is the highest common factor of f and g?
9
Suppose 8*c - 3217 = -633. Suppose -5*t + 252 = -c. Calculate the greatest common divisor of 299 and t.
23
Let o(w) = 22*w**2 - 139*w - 288. Let k be o(-2). What is the greatest common factor of 4134 and k?
78
Suppose -2*a + 50738 = -0*x + 4*x, 76123 = 3*a + 2*x. Suppose a = 35*c - 9133. Calculate the highest common divisor of c and 29.
29
Let x be (-871)/(-4) - (-6 - (-92)/16). Let q = -168 + x. Calculate the highest common factor of q and 200.
50
Let v = 131 + -93. Suppose -30 + v = c. Calculate the highest common factor of 248 and c.
8
Let r be ((-2)/8 - 58/116)*-8. Calculate the greatest common factor of r and 664.
2
Let p(z) = 40 - 31 - 26 + 10*z + z**2. Let c be p(-9). Let g be (-429)/c*4/6. What is the greatest common factor of 22 and g?
11
Let p = 27479 + -27443. What is the greatest common factor of p and 5268?
12
Let r(g) = 294*g - 599. Let a be r(13). Calculate the greatest common factor of a and 11.
11
Let x = 3361 - 3297. Calculate the highest common divisor of x and 11456.
64
Let l be ((-44)/12 - -4)*(-89 + 2). Let o = 34 + l. Suppose -5*k + 0*k + 4 = 4*d, o*d - 4*k = 46. Calculate the greatest common factor of d and 66.
6
Let y be (-4)/(-6) - (-11 - 30/9). Let w = y - -1. Calculate the greatest common factor of w and 2.
2
Let d(n) = 455*n**2 + 3*n + 3. Let w be d(-1). Let y = 479 - w. Calculate the greatest common divisor of 8 and y.
8
Suppose -5*r = 4*m - 12310, -118*r + 3*m + 9879 = -114*r. Calculate the greatest common factor of 18 and r.
18
Let w = 106 + 137. Suppose -245*k + w*k + 1092 = 0. Calculate the highest common factor of 156 and k.
78
Let i(o) = -3*o + 69. Let m be i(-28